{"id":6,"date":"2012-09-20T20:14:34","date_gmt":"2012-09-20T18:14:34","guid":{"rendered":"http:\/\/mkratten.se\/wordpress\/?page_id=6"},"modified":"2025-10-10T18:27:28","modified_gmt":"2025-10-10T16:27:28","slug":"niwabananhttpmkratten-sewordpresswp-adminlink-manager-php","status":"publish","type":"page","link":"https:\/\/mkratten.se\/wordpress\/?page_id=6","title":{"rendered":"Niwabanan"},"content":{"rendered":"<div id=\"block_70474579\">\n<p style=\"text-align: left;\"><strong>Kostnad f\u00f6r tr\u00e4ning p\u00e5 banan:<br \/>\nMedlem: 0 SEK \/ tr\u00e4ningstillf\u00e4lle.<br \/>\nIcke medlem: 500 SEK \/ tr\u00e4ningstillf\u00e4lle.<\/strong><\/p>\n<p>Kontakt f\u00f6r bokning eller mer info:<br \/>\nJohan Larsson 0725559059<\/p>\n<p style=\"text-align: center;\"><a href=\"http:\/\/mkratten.se\/wordpress\/wp-content\/uploads\/2012\/09\/banan.gif\"><img decoding=\"async\" loading=\"lazy\" class=\"wp-image-69 alignleft\" title=\"banan\" src=\"http:\/\/mkratten.se\/wordpress\/wp-content\/uploads\/2012\/09\/banan.gif\" alt=\"Karta Niwabanan\" width=\"399\" height=\"618\" \/><\/a><\/p>\n<\/div>\n","protected":false},"excerpt":{"rendered":"<p>Kostnad f\u00f6r tr\u00e4ning p\u00e5 banan: Medlem: 0 SEK \/ tr\u00e4ningstillf\u00e4lle. Icke medlem: 500 SEK \/ tr\u00e4ningstillf\u00e4lle. Kontakt f\u00f6r bokning eller mer info: Johan Larsson 0725559059<\/p>\n","protected":false},"author":3,"featured_media":0,"parent":0,"menu_order":0,"comment_status":"closed","ping_status":"closed","template":"","meta":{"_expiration-date-status":"","_expiration-date":1760718429,"_expiration-date-type":"draft","_expiration-date-categories":[],"_expiration-date-options":[]},"_links":{"self":[{"href":"https:\/\/mkratten.se\/wordpress\/index.php?rest_route=\/wp\/v2\/pages\/6"}],"collection":[{"href":"https:\/\/mkratten.se\/wordpress\/index.php?rest_route=\/wp\/v2\/pages"}],"about":[{"href":"https:\/\/mkratten.se\/wordpress\/index.php?rest_route=\/wp\/v2\/types\/page"}],"author":[{"embeddable":true,"href":"https:\/\/mkratten.se\/wordpress\/index.php?rest_route=\/wp\/v2\/users\/3"}],"replies":[{"embeddable":true,"href":"https:\/\/mkratten.se\/wordpress\/index.php?rest_route=%2Fwp%2Fv2%2Fcomments&post=6"}],"version-history":[{"count":15,"href":"https:\/\/mkratten.se\/wordpress\/index.php?rest_route=\/wp\/v2\/pages\/6\/revisions"}],"predecessor-version":[{"id":3223,"href":"https:\/\/mkratten.se\/wordpress\/index.php?rest_route=\/wp\/v2\/pages\/6\/revisions\/3223"}],"wp:attachment":[{"href":"https:\/\/mkratten.se\/wordpress\/index.php?rest_route=%2Fwp%2Fv2%2Fmedia&parent=6"}],"curies":[{"name":"wp","href":"https:\/\/api.w.org\/{rel}","templated":true}]}}