{"id":25,"date":"2012-09-20T20:29:35","date_gmt":"2012-09-20T18:29:35","guid":{"rendered":"http:\/\/mkratten.se\/wordpress\/?page_id=25"},"modified":"2025-05-22T12:21:51","modified_gmt":"2025-05-22T10:21:51","slug":"kontakt","status":"publish","type":"page","link":"https:\/\/mkratten.se\/wordpress\/?page_id=25","title":{"rendered":"Kontakt"},"content":{"rendered":"<div style=\"text-align: left;\">\n<h4><strong>Motorklubben Ratten<br \/>\n<\/strong><br \/>\n<strong>Styrelsen:<\/strong><br \/>\nOrdf\u00f6rande: Lars Andersson 073-0604909<\/h4>\n<h4>Vice ordf\u00f6rande: Stig-Olov Walfridson<\/h4>\n<h4>Sekreterare: Mikaela Renhult<\/h4>\n<h4>Vice sekreterare: Malin Westerberg<\/h4>\n<h4>Kass\u00f6r: Anders Gullstr\u00f6m<\/h4>\n<h4>Ers\u00e4ttare: Johan Larsson, Anders Hedstr\u00f6m och Mattias Henriksson<\/h4>\n<h4><strong>Valberedning:<\/strong><br \/>\nErik Renhult<br \/>\nJimmy Sund\u00e9n<\/h4>\n<h4>Stina Enner<\/h4>\n<h4>\u00c5sa Olsson<\/h4>\n<p><strong>Materielf\u00f6rvaltare:<br \/>\n<\/strong>Per T\u00e4ppers: 070-5210550\u00a0 (sammankallande)<br \/>\nVilly Jansson<br \/>\nHans-Erik Larsson<br \/>\nKenneth Sylvander<\/p>\n<p><strong>Banhyra:<\/strong><br \/>\nJohan Larsson 0725559059<\/p>\n<p><strong>Mail: info@mkratten.se<\/strong><\/p>\n<p><strong>Postadress:<\/strong><br \/>\nNottj\u00e4rnsv\u00e4gen 3<br \/>\n68523 TORSBY<br \/>\n<a href=\"http:\/\/kartor.eniro.se\/query?what=maps&amp;search_word=&amp;geo_area=nottj%C3%A4rnsv%C3%A4gen+3+torsby&amp;from=\" target=\"_blank\" rel=\"noopener noreferrer\">(klicka h\u00e4r f\u00f6r karta)<\/a><\/p>\n<p><a href=\"http:\/\/kartor.eniro.se\/query?what=maps&amp;search_word=&amp;geo_area=nottj%C3%A4rnsv%C3%A4gen+3+torsby&amp;from=\" target=\"_blank\" rel=\"noopener noreferrer\"><br \/>\n<\/a><strong>Info:<\/strong><br \/>\nOrganisationsnummer: 874000-8597<br \/>\nBankgiro: 376-3133<br \/>\nSwish: 1233631512<\/p>\n<p><strong>Medlemsavgift:<br \/>\n<\/strong>Senior 250 kr<br \/>\nJunior 50 kr<\/p>\n<\/div>\n<p><!--more--><\/p>\n<p><!--more--><\/p>\n<p><!--more--><\/p>\n<p><!--more--><\/p>\n","protected":false},"excerpt":{"rendered":"<p>Motorklubben Ratten Styrelsen: Ordf\u00f6rande: Lars Andersson 073-0604909 Vice ordf\u00f6rande: Stig-Olov Walfridson Sekreterare: Mikaela Renhult Vice sekreterare: Malin Westerberg Kass\u00f6r: Anders Gullstr\u00f6m Ers\u00e4ttare: Johan Larsson, Anders Hedstr\u00f6m och Mattias Henriksson Valberedning: Erik Renhult Jimmy Sund\u00e9n Stina Enner \u00c5sa Olsson Materielf\u00f6rvaltare: Per &hellip; <a href=\"https:\/\/mkratten.se\/wordpress\/?page_id=25\">Forts\u00e4tt l\u00e4sa <span class=\"meta-nav\">&rarr;<\/span><\/a><\/p>\n","protected":false},"author":3,"featured_media":0,"parent":0,"menu_order":0,"comment_status":"closed","ping_status":"closed","template":"","meta":{"_expiration-date-status":"","_expiration-date":1748513772,"_expiration-date-type":"draft","_expiration-date-categories":[],"_expiration-date-options":[]},"_links":{"self":[{"href":"https:\/\/mkratten.se\/wordpress\/index.php?rest_route=\/wp\/v2\/pages\/25"}],"collection":[{"href":"https:\/\/mkratten.se\/wordpress\/index.php?rest_route=\/wp\/v2\/pages"}],"about":[{"href":"https:\/\/mkratten.se\/wordpress\/index.php?rest_route=\/wp\/v2\/types\/page"}],"author":[{"embeddable":true,"href":"https:\/\/mkratten.se\/wordpress\/index.php?rest_route=\/wp\/v2\/users\/3"}],"replies":[{"embeddable":true,"href":"https:\/\/mkratten.se\/wordpress\/index.php?rest_route=%2Fwp%2Fv2%2Fcomments&post=25"}],"version-history":[{"count":56,"href":"https:\/\/mkratten.se\/wordpress\/index.php?rest_route=\/wp\/v2\/pages\/25\/revisions"}],"predecessor-version":[{"id":3203,"href":"https:\/\/mkratten.se\/wordpress\/index.php?rest_route=\/wp\/v2\/pages\/25\/revisions\/3203"}],"wp:attachment":[{"href":"https:\/\/mkratten.se\/wordpress\/index.php?rest_route=%2Fwp%2Fv2%2Fmedia&parent=25"}],"curies":[{"name":"wp","href":"https:\/\/api.w.org\/{rel}","templated":true}]}}